[INFO] cloning repository https://github.com/danieldulaney/space-invaders-rs
[INFO] running `Command { std: "git" "-c" "credential.helper=" "-c" "credential.helper=/workspace/cargo-home/bin/git-credential-null" "clone" "--bare" "https://github.com/danieldulaney/space-invaders-rs" "/workspace/cache/git-repos/https%3A%2F%2Fgithub.com%2Fdanieldulaney%2Fspace-invaders-rs", kill_on_drop: false }`
[INFO] [stderr] Cloning into bare repository '/workspace/cache/git-repos/https%3A%2F%2Fgithub.com%2Fdanieldulaney%2Fspace-invaders-rs'...
[INFO] running `Command { std: "git" "rev-parse" "HEAD", kill_on_drop: false }`
[INFO] [stdout] f19ee3f44f3f96ccd2e5bbf1202f6826781768de
[INFO] checking danieldulaney/space-invaders-rs against try#72f88fc4e9458f89516a0b8b0868f3718aec5b47 for pr-74989
[INFO] running `Command { std: "git" "clone" "/workspace/cache/git-repos/https%3A%2F%2Fgithub.com%2Fdanieldulaney%2Fspace-invaders-rs" "/workspace/builds/worker-14/source", kill_on_drop: false }`
[INFO] [stderr] Cloning into '/workspace/builds/worker-14/source'...
[INFO] [stderr] done.
[INFO] validating manifest of git repo https://github.com/danieldulaney/space-invaders-rs on toolchain 72f88fc4e9458f89516a0b8b0868f3718aec5b47
[INFO] running `Command { std: "/workspace/cargo-home/bin/cargo" "+72f88fc4e9458f89516a0b8b0868f3718aec5b47" "read-manifest" "--manifest-path" "Cargo.toml", kill_on_drop: false }`
[INFO] started tweaking git repo https://github.com/danieldulaney/space-invaders-rs
[INFO] finished tweaking git repo https://github.com/danieldulaney/space-invaders-rs
[INFO] tweaked toml for git repo https://github.com/danieldulaney/space-invaders-rs written to /workspace/builds/worker-14/source/Cargo.toml
[INFO] crate git repo https://github.com/danieldulaney/space-invaders-rs already has a lockfile, it will not be regenerated
[INFO] running `Command { std: "/workspace/cargo-home/bin/cargo" "+72f88fc4e9458f89516a0b8b0868f3718aec5b47" "fetch" "--locked" "--manifest-path" "Cargo.toml", kill_on_drop: false }`
[INFO] running `Command { std: "docker" "create" "-v" "/var/lib/crater-agent-workspace/builds/worker-14/target:/opt/rustwide/target:rw,Z" "-v" "/var/lib/crater-agent-workspace/builds/worker-14/source:/opt/rustwide/workdir:ro,Z" "-v" "/var/lib/crater-agent-workspace/cargo-home:/opt/rustwide/cargo-home:ro,Z" "-v" "/var/lib/crater-agent-workspace/rustup-home:/opt/rustwide/rustup-home:ro,Z" "-e" "SOURCE_DIR=/opt/rustwide/workdir" "-e" "CARGO_TARGET_DIR=/opt/rustwide/target" "-e" "CARGO_HOME=/opt/rustwide/cargo-home" "-e" "RUSTUP_HOME=/opt/rustwide/rustup-home" "-w" "/opt/rustwide/workdir" "-m" "1610612736" "--user" "0:0" "--network" "none" "rustops/crates-build-env@sha256:d92eaeed33fa75130ca1ee6c8a01d1ffb62bac859dfdfb3450e3e5d1c0146529" "/opt/rustwide/cargo-home/bin/cargo" "+72f88fc4e9458f89516a0b8b0868f3718aec5b47" "metadata" "--no-deps" "--format-version=1", kill_on_drop: false }`
[INFO] [stdout] 0716ab16fef8435f68491da6ae4356d5c34a6a3880a4b470ed6bfa6a30d61a9c
[INFO] [stderr] WARNING: Your kernel does not support swap limit capabilities or the cgroup is not mounted. Memory limited without swap.
[INFO] running `Command { std: "docker" "start" "-a" "0716ab16fef8435f68491da6ae4356d5c34a6a3880a4b470ed6bfa6a30d61a9c", kill_on_drop: false }`
[INFO] running `Command { std: "docker" "inspect" "0716ab16fef8435f68491da6ae4356d5c34a6a3880a4b470ed6bfa6a30d61a9c", kill_on_drop: false }`
[INFO] running `Command { std: "docker" "rm" "-f" "0716ab16fef8435f68491da6ae4356d5c34a6a3880a4b470ed6bfa6a30d61a9c", kill_on_drop: false }`
[INFO] [stdout] 0716ab16fef8435f68491da6ae4356d5c34a6a3880a4b470ed6bfa6a30d61a9c
[INFO] running `Command { std: "docker" "create" "-v" "/var/lib/crater-agent-workspace/builds/worker-14/target:/opt/rustwide/target:rw,Z" "-v" "/var/lib/crater-agent-workspace/builds/worker-14/source:/opt/rustwide/workdir:ro,Z" "-v" "/var/lib/crater-agent-workspace/cargo-home:/opt/rustwide/cargo-home:ro,Z" "-v" "/var/lib/crater-agent-workspace/rustup-home:/opt/rustwide/rustup-home:ro,Z" "-e" "SOURCE_DIR=/opt/rustwide/workdir" "-e" "CARGO_TARGET_DIR=/opt/rustwide/target" "-e" "CARGO_INCREMENTAL=0" "-e" "RUST_BACKTRACE=full" "-e" "RUSTFLAGS=--cap-lints=forbid" "-e" "CARGO_HOME=/opt/rustwide/cargo-home" "-e" "RUSTUP_HOME=/opt/rustwide/rustup-home" "-w" "/opt/rustwide/workdir" "-m" "1610612736" "--user" "0:0" "--network" "none" "rustops/crates-build-env@sha256:d92eaeed33fa75130ca1ee6c8a01d1ffb62bac859dfdfb3450e3e5d1c0146529" "/opt/rustwide/cargo-home/bin/cargo" "+72f88fc4e9458f89516a0b8b0868f3718aec5b47" "check" "--frozen" "--all" "--all-targets" "--message-format=json", kill_on_drop: false }`
[INFO] [stdout] 79bc2449aab4500475e2baad17bc0a162a22d5320c25e8ef7eea34419dcabc5c
[INFO] [stderr] WARNING: Your kernel does not support swap limit capabilities or the cgroup is not mounted. Memory limited without swap.
[INFO] running `Command { std: "docker" "start" "-a" "79bc2449aab4500475e2baad17bc0a162a22d5320c25e8ef7eea34419dcabc5c", kill_on_drop: false }`
[INFO] [stderr]     Checking space-invaders v0.1.0 (/opt/rustwide/workdir)
[INFO] [stdout] error[E0432]: unresolved import `self::info::get_cycles`
[INFO] [stdout]  --> src/asm/mod.rs:4:22
[INFO] [stdout]   |
[INFO] [stdout] 4 | pub use self::info::{get_cycles, InstructionInfo};
[INFO] [stdout]   |                      ^^^^^^^^^^ no `get_cycles` in `asm::info`
[INFO] [stdout] 
[INFO] [stdout] 
[INFO] [stdout] warning: unused import: `std::iter::IntoIterator`
[INFO] [stdout]  --> src/disas.rs:2:5
[INFO] [stdout]   |
[INFO] [stdout] 2 | use std::iter::IntoIterator;
[INFO] [stdout]   |     ^^^^^^^^^^^^^^^^^^^^^^^
[INFO] [stdout]   |
[INFO] [stdout]   = note: `#[warn(unused_imports)]` on by default
[INFO] [stdout] 
[INFO] [stdout] 
[INFO] [stdout] error[E0106]: missing lifetime specifier
[INFO] [stdout]  --> src/asm/info.rs:5:11
[INFO] [stdout]   |
[INFO] [stdout] 5 |     name: &str,
[INFO] [stdout]   |           ^ expected named lifetime parameter
[INFO] [stdout]   |
[INFO] [stdout] help: consider introducing a named lifetime parameter
[INFO] [stdout]   |
[INFO] [stdout] 4 | pub struct InstructionInfo<'a> {
[INFO] [stdout] 5 |     name: &'a str,
[INFO] [stdout]   |
[INFO] [stdout] 
[INFO] [stdout] 
[INFO] [stdout] error[E0432]: unresolved import `self::info::get_cycles`
[INFO] [stdout]  --> src/asm/mod.rs:4:22
[INFO] [stdout]   |
[INFO] [stdout] 4 | pub use self::info::{get_cycles, InstructionInfo};
[INFO] [stdout]   |                      ^^^^^^^^^^ no `get_cycles` in `asm::info`
[INFO] [stdout] 
[INFO] [stdout] 
[INFO] [stdout] warning: unused import: `std::iter::IntoIterator`
[INFO] [stdout]  --> src/disas.rs:2:5
[INFO] [stdout]   |
[INFO] [stdout] 2 | use std::iter::IntoIterator;
[INFO] [stdout]   |     ^^^^^^^^^^^^^^^^^^^^^^^
[INFO] [stdout]   |
[INFO] [stdout]   = note: `#[warn(unused_imports)]` on by default
[INFO] [stdout] 
[INFO] [stdout] 
[INFO] [stdout] error[E0106]: missing lifetime specifier
[INFO] [stdout]  --> src/asm/info.rs:5:11
[INFO] [stdout]   |
[INFO] [stdout] 5 |     name: &str,
[INFO] [stdout]   |           ^ expected named lifetime parameter
[INFO] [stdout]   |
[INFO] [stdout] help: consider introducing a named lifetime parameter
[INFO] [stdout]   |
[INFO] [stdout] 4 | pub struct InstructionInfo<'a> {
[INFO] [stdout] 5 |     name: &'a str,
[INFO] [stdout]   |
[INFO] [stdout] 
[INFO] [stdout] 
[INFO] [stdout] error: aborting due to 2 previous errors; 1 warning emitted
[INFO] [stdout] 
[INFO] [stdout] 
[INFO] [stdout] Some errors have detailed explanations: E0106, E0432.
[INFO] [stdout] 
[INFO] [stdout] For more information about an error, try `rustc --explain E0106`.
[INFO] [stdout] 
[INFO] [stderr] error: could not compile `space-invaders`.
[INFO] [stderr] 
[INFO] [stderr] To learn more, run the command again with --verbose.
[INFO] [stderr] warning: build failed, waiting for other jobs to finish...
[INFO] [stdout] error: aborting due to 2 previous errors; 1 warning emitted
[INFO] [stdout] 
[INFO] [stdout] 
[INFO] [stdout] Some errors have detailed explanations: E0106, E0432.
[INFO] [stdout] 
[INFO] [stdout] For more information about an error, try `rustc --explain E0106`.
[INFO] [stdout] 
[INFO] [stderr] error: build failed
[INFO] running `Command { std: "docker" "inspect" "79bc2449aab4500475e2baad17bc0a162a22d5320c25e8ef7eea34419dcabc5c", kill_on_drop: false }`
[INFO] running `Command { std: "docker" "rm" "-f" "79bc2449aab4500475e2baad17bc0a162a22d5320c25e8ef7eea34419dcabc5c", kill_on_drop: false }`
[INFO] [stdout] 79bc2449aab4500475e2baad17bc0a162a22d5320c25e8ef7eea34419dcabc5c
